{"id":2135,"date":"2023-04-24T01:56:18","date_gmt":"2023-04-24T01:56:18","guid":{"rendered":"https:\/\/bolsasdelperu.com\/inicio\/?page_id=2135"},"modified":"2023-04-30T02:49:37","modified_gmt":"2023-04-30T02:49:37","slug":"contacto","status":"publish","type":"page","link":"https:\/\/bolsasdelperu.com\/inicio\/contacto\/","title":{"rendered":"Contacto"},"content":{"rendered":"<body>\n<div class=\"wp-block-contact-form-7-contact-form-selector\">\n<div class=\"wpcf7 no-js\" id=\"wpcf7-f2146-o1\" lang=\"es-ES\" dir=\"ltr\" data-wpcf7-id=\"2146\">\n<div class=\"screen-reader-response\"><p role=\"status\" aria-live=\"polite\" aria-atomic=\"true\"><\/p> <ul><\/ul><\/div>\n<form action=\"\/inicio\/wp-json\/wp\/v2\/pages\/2135#wpcf7-f2146-o1\" method=\"post\" class=\"wpcf7-form init\" aria-label=\"Formulario de contacto\" novalidate=\"novalidate\" data-status=\"init\">\n<fieldset class=\"hidden-fields-container\"><input type=\"hidden\" name=\"_wpcf7\" value=\"2146\" \/><input type=\"hidden\" name=\"_wpcf7_version\" value=\"6.1.5\" \/><input type=\"hidden\" name=\"_wpcf7_locale\" value=\"es_ES\" \/><input type=\"hidden\" name=\"_wpcf7_unit_tag\" value=\"wpcf7-f2146-o1\" \/><input type=\"hidden\" name=\"_wpcf7_container_post\" value=\"0\" \/><input type=\"hidden\" name=\"_wpcf7_posted_data_hash\" value=\"\" \/>\n<\/fieldset>\n<p><label> Tu nombre<br \/>\n<span class=\"wpcf7-form-control-wrap\" data-name=\"your-name\"><input size=\"40\" maxlength=\"400\" class=\"wpcf7-form-control wpcf7-text wpcf7-validates-as-required\" autocomplete=\"name\" aria-required=\"true\" aria-invalid=\"false\" value=\"\" type=\"text\" name=\"your-name\" \/><\/span> <\/label>\n<\/p>\n<p><label> Tu correo electr\u00f3nico<br \/>\n<span class=\"wpcf7-form-control-wrap\" data-name=\"your-email\"><input size=\"40\" maxlength=\"400\" class=\"wpcf7-form-control wpcf7-email wpcf7-validates-as-required wpcf7-text wpcf7-validates-as-email\" autocomplete=\"email\" aria-required=\"true\" aria-invalid=\"false\" value=\"\" type=\"email\" name=\"your-email\" \/><\/span> <\/label>\n<\/p>\n<p><label> Asunto<br \/>\n<span class=\"wpcf7-form-control-wrap\" data-name=\"your-subject\"><input size=\"40\" maxlength=\"400\" class=\"wpcf7-form-control wpcf7-text wpcf7-validates-as-required\" aria-required=\"true\" aria-invalid=\"false\" value=\"\" type=\"text\" name=\"your-subject\" \/><\/span> <\/label>\n<\/p>\n<p><label> Tu mensaje (opcional)<br \/>\n<span class=\"wpcf7-form-control-wrap\" data-name=\"your-message\"><textarea cols=\"40\" rows=\"10\" maxlength=\"2000\" class=\"wpcf7-form-control wpcf7-textarea\" aria-invalid=\"false\" name=\"your-message\"><\/textarea><\/span> <\/label>\n<\/p>\n<p><input class=\"wpcf7-form-control wpcf7-submit has-spinner\" type=\"submit\" value=\"Enviar\" \/>\n<\/p><div class=\"wpcf7-response-output\" aria-hidden=\"true\"><\/div>\n<\/form>\n<\/div>\n<\/div>\n<\/body>","protected":false},"excerpt":{"rendered":"","protected":false},"author":1,"featured_media":0,"parent":0,"menu_order":0,"comment_status":"closed","ping_status":"closed","template":"","meta":{"om_disable_all_campaigns":false,"_uag_custom_page_level_css":"","site-sidebar-layout":"default","site-content-layout":"","ast-site-content-layout":"default","site-content-style":"default","site-sidebar-style":"default","ast-global-header-display":"","ast-banner-title-visibility":"","ast-main-header-display":"","ast-hfb-above-header-display":"","ast-hfb-below-header-display":"","ast-hfb-mobile-header-display":"","site-post-title":"disabled","ast-breadcrumbs-content":"","ast-featured-img":"","footer-sml-layout":"","ast-disable-related-posts":"","theme-transparent-header-meta":"","adv-header-id-meta":"","stick-header-meta":"","header-above-stick-meta":"","header-main-stick-meta":"","header-below-stick-meta":"","astra-migrate-meta-layouts":"default","ast-page-background-enabled":"default","ast-page-background-meta":{"desktop":{"background-color":"var(--ast-global-color-4)","background-image":"","background-repeat":"repeat","background-position":"center center","background-size":"auto","background-attachment":"scroll","background-type":"","background-media":"","overlay-type":"","overlay-color":"","overlay-opacity":"","overlay-gradient":""},"tablet":{"background-color":"","background-image":"","background-repeat":"repeat","background-position":"center center","background-size":"auto","background-attachment":"scroll","background-type":"","background-media":"","overlay-type":"","overlay-color":"","overlay-opacity":"","overlay-gradient":""},"mobile":{"background-color":"","background-image":"","background-repeat":"repeat","background-position":"center center","background-size":"auto","background-attachment":"scroll","background-type":"","background-media":"","overlay-type":"","overlay-color":"","overlay-opacity":"","overlay-gradient":""}},"ast-content-background-meta":{"desktop":{"background-color":"var(--ast-global-color-5)","background-image":"","background-repeat":"repeat","background-position":"center center","background-size":"auto","background-attachment":"scroll","background-type":"","background-media":"","overlay-type":"","overlay-color":"","overlay-opacity":"","overlay-gradient":""},"tablet":{"background-color":"var(--ast-global-color-5)","background-image":"","background-repeat":"repeat","background-position":"center center","background-size":"auto","background-attachment":"scroll","background-type":"","background-media":"","overlay-type":"","overlay-color":"","overlay-opacity":"","overlay-gradient":""},"mobile":{"background-color":"var(--ast-global-color-5)","background-image":"","background-repeat":"repeat","background-position":"center center","background-size":"auto","background-attachment":"scroll","background-type":"","background-media":"","overlay-type":"","overlay-color":"","overlay-opacity":"","overlay-gradient":""}},"_joinchat":[],"footnotes":""},"class_list":["post-2135","page","type-page","status-publish","hentry"],"yoast_head":"<!-- This site is optimized with the Yoast SEO plugin v27.4 - https:\/\/yoast.com\/product\/yoast-seo-wordpress\/ -->\n<title>Contacto - Bolsas del Per\u00fa<\/title>\n<meta name=\"robots\" content=\"index, follow, max-snippet:-1, max-image-preview:large, max-video-preview:-1\" \/>\n<link rel=\"canonical\" href=\"https:\/\/bolsasdelperu.com\/inicio\/contacto\/\" \/>\n<meta property=\"og:locale\" content=\"es_ES\" \/>\n<meta property=\"og:type\" content=\"article\" \/>\n<meta property=\"og:title\" content=\"Contacto - Bolsas del Per\u00fa\" \/>\n<meta property=\"og:url\" content=\"https:\/\/bolsasdelperu.com\/inicio\/contacto\/\" \/>\n<meta property=\"og:site_name\" content=\"Bolsas del Per\u00fa\" \/>\n<meta property=\"article:modified_time\" content=\"2023-04-30T02:49:37+00:00\" \/>\n<meta property=\"og:image\" content=\"https:\/\/bolsasdelperu.com\/wp-content\/uploads\/2023\/03\/logo-bolsas-del-peru.png\" \/>\n\t<meta property=\"og:image:width\" content=\"400\" \/>\n\t<meta property=\"og:image:height\" content=\"400\" \/>\n\t<meta property=\"og:image:type\" content=\"image\/png\" \/>\n<meta name=\"twitter:card\" content=\"summary_large_image\" \/>\n<script type=\"application\/ld+json\" class=\"yoast-schema-graph\">{\"@context\":\"https:\\\/\\\/schema.org\",\"@graph\":[{\"@type\":\"WebPage\",\"@id\":\"https:\\\/\\\/bolsasdelperu.com\\\/inicio\\\/contacto\\\/\",\"url\":\"https:\\\/\\\/bolsasdelperu.com\\\/inicio\\\/contacto\\\/\",\"name\":\"Contacto - Bolsas del Per\u00fa\",\"isPartOf\":{\"@id\":\"https:\\\/\\\/bolsasdelperu.com\\\/inicio\\\/#website\"},\"datePublished\":\"2023-04-24T01:56:18+00:00\",\"dateModified\":\"2023-04-30T02:49:37+00:00\",\"breadcrumb\":{\"@id\":\"https:\\\/\\\/bolsasdelperu.com\\\/inicio\\\/contacto\\\/#breadcrumb\"},\"inLanguage\":\"es\",\"potentialAction\":[{\"@type\":\"ReadAction\",\"target\":[\"https:\\\/\\\/bolsasdelperu.com\\\/inicio\\\/contacto\\\/\"]}]},{\"@type\":\"BreadcrumbList\",\"@id\":\"https:\\\/\\\/bolsasdelperu.com\\\/inicio\\\/contacto\\\/#breadcrumb\",\"itemListElement\":[{\"@type\":\"ListItem\",\"position\":1,\"name\":\"Portada\",\"item\":\"https:\\\/\\\/bolsasdelperu.com\\\/inicio\\\/\"},{\"@type\":\"ListItem\",\"position\":2,\"name\":\"Contacto\"}]},{\"@type\":\"WebSite\",\"@id\":\"https:\\\/\\\/bolsasdelperu.com\\\/inicio\\\/#website\",\"url\":\"https:\\\/\\\/bolsasdelperu.com\\\/inicio\\\/\",\"name\":\"Bolsas del Per\u00fa\",\"description\":\"Bolsas del Per\u00fa | Producci\u00f3n y Distribuci\u00f3n de Bolsas Pl\u00e1sticas\",\"publisher\":{\"@id\":\"https:\\\/\\\/bolsasdelperu.com\\\/inicio\\\/#\\\/schema\\\/person\\\/f387e7ed8ebd3bd315b49b7e2ce708fb\"},\"potentialAction\":[{\"@type\":\"SearchAction\",\"target\":{\"@type\":\"EntryPoint\",\"urlTemplate\":\"https:\\\/\\\/bolsasdelperu.com\\\/inicio\\\/?s={search_term_string}\"},\"query-input\":{\"@type\":\"PropertyValueSpecification\",\"valueRequired\":true,\"valueName\":\"search_term_string\"}}],\"inLanguage\":\"es\"},{\"@type\":[\"Person\",\"Organization\"],\"@id\":\"https:\\\/\\\/bolsasdelperu.com\\\/inicio\\\/#\\\/schema\\\/person\\\/f387e7ed8ebd3bd315b49b7e2ce708fb\",\"name\":\"bolsasdelperucom\",\"image\":{\"@type\":\"ImageObject\",\"inLanguage\":\"es\",\"@id\":\"https:\\\/\\\/bolsasdelperu.com\\\/wp-content\\\/uploads\\\/2023\\\/03\\\/logo-bolsas-del-peru.png\",\"url\":\"https:\\\/\\\/bolsasdelperu.com\\\/wp-content\\\/uploads\\\/2023\\\/03\\\/logo-bolsas-del-peru.png\",\"contentUrl\":\"https:\\\/\\\/bolsasdelperu.com\\\/wp-content\\\/uploads\\\/2023\\\/03\\\/logo-bolsas-del-peru.png\",\"width\":400,\"height\":400,\"caption\":\"bolsasdelperucom\"},\"logo\":{\"@id\":\"https:\\\/\\\/bolsasdelperu.com\\\/wp-content\\\/uploads\\\/2023\\\/03\\\/logo-bolsas-del-peru.png\"},\"sameAs\":[\"https:\\\/\\\/bolsasdelperu.com\"]}]}<\/script>\n<!-- \/ Yoast SEO plugin. -->","yoast_head_json":{"title":"Contacto - Bolsas del Per\u00fa","robots":{"index":"index","follow":"follow","max-snippet":"max-snippet:-1","max-image-preview":"max-image-preview:large","max-video-preview":"max-video-preview:-1"},"canonical":"https:\/\/bolsasdelperu.com\/inicio\/contacto\/","og_locale":"es_ES","og_type":"article","og_title":"Contacto - Bolsas del Per\u00fa","og_url":"https:\/\/bolsasdelperu.com\/inicio\/contacto\/","og_site_name":"Bolsas del Per\u00fa","article_modified_time":"2023-04-30T02:49:37+00:00","og_image":[{"width":400,"height":400,"url":"https:\/\/bolsasdelperu.com\/wp-content\/uploads\/2023\/03\/logo-bolsas-del-peru.png","type":"image\/png"}],"twitter_card":"summary_large_image","schema":{"@context":"https:\/\/schema.org","@graph":[{"@type":"WebPage","@id":"https:\/\/bolsasdelperu.com\/inicio\/contacto\/","url":"https:\/\/bolsasdelperu.com\/inicio\/contacto\/","name":"Contacto - Bolsas del Per\u00fa","isPartOf":{"@id":"https:\/\/bolsasdelperu.com\/inicio\/#website"},"datePublished":"2023-04-24T01:56:18+00:00","dateModified":"2023-04-30T02:49:37+00:00","breadcrumb":{"@id":"https:\/\/bolsasdelperu.com\/inicio\/contacto\/#breadcrumb"},"inLanguage":"es","potentialAction":[{"@type":"ReadAction","target":["https:\/\/bolsasdelperu.com\/inicio\/contacto\/"]}]},{"@type":"BreadcrumbList","@id":"https:\/\/bolsasdelperu.com\/inicio\/contacto\/#breadcrumb","itemListElement":[{"@type":"ListItem","position":1,"name":"Portada","item":"https:\/\/bolsasdelperu.com\/inicio\/"},{"@type":"ListItem","position":2,"name":"Contacto"}]},{"@type":"WebSite","@id":"https:\/\/bolsasdelperu.com\/inicio\/#website","url":"https:\/\/bolsasdelperu.com\/inicio\/","name":"Bolsas del Per\u00fa","description":"Bolsas del Per\u00fa | Producci\u00f3n y Distribuci\u00f3n de Bolsas Pl\u00e1sticas","publisher":{"@id":"https:\/\/bolsasdelperu.com\/inicio\/#\/schema\/person\/f387e7ed8ebd3bd315b49b7e2ce708fb"},"potentialAction":[{"@type":"SearchAction","target":{"@type":"EntryPoint","urlTemplate":"https:\/\/bolsasdelperu.com\/inicio\/?s={search_term_string}"},"query-input":{"@type":"PropertyValueSpecification","valueRequired":true,"valueName":"search_term_string"}}],"inLanguage":"es"},{"@type":["Person","Organization"],"@id":"https:\/\/bolsasdelperu.com\/inicio\/#\/schema\/person\/f387e7ed8ebd3bd315b49b7e2ce708fb","name":"bolsasdelperucom","image":{"@type":"ImageObject","inLanguage":"es","@id":"https:\/\/bolsasdelperu.com\/wp-content\/uploads\/2023\/03\/logo-bolsas-del-peru.png","url":"https:\/\/bolsasdelperu.com\/wp-content\/uploads\/2023\/03\/logo-bolsas-del-peru.png","contentUrl":"https:\/\/bolsasdelperu.com\/wp-content\/uploads\/2023\/03\/logo-bolsas-del-peru.png","width":400,"height":400,"caption":"bolsasdelperucom"},"logo":{"@id":"https:\/\/bolsasdelperu.com\/wp-content\/uploads\/2023\/03\/logo-bolsas-del-peru.png"},"sameAs":["https:\/\/bolsasdelperu.com"]}]}},"uagb_featured_image_src":{"full":false,"thumbnail":false,"medium":false,"medium_large":false,"large":false,"1536x1536":false,"2048x2048":false},"uagb_author_info":{"display_name":"bolsasdelperucom","author_link":"https:\/\/bolsasdelperu.com\/inicio\/author\/bolsasdelperucom\/"},"uagb_comment_info":0,"uagb_excerpt":null,"_links":{"self":[{"href":"https:\/\/bolsasdelperu.com\/inicio\/wp-json\/wp\/v2\/pages\/2135","targetHints":{"allow":["GET"]}}],"collection":[{"href":"https:\/\/bolsasdelperu.com\/inicio\/wp-json\/wp\/v2\/pages"}],"about":[{"href":"https:\/\/bolsasdelperu.com\/inicio\/wp-json\/wp\/v2\/types\/page"}],"author":[{"embeddable":true,"href":"https:\/\/bolsasdelperu.com\/inicio\/wp-json\/wp\/v2\/users\/1"}],"replies":[{"embeddable":true,"href":"https:\/\/bolsasdelperu.com\/inicio\/wp-json\/wp\/v2\/comments?post=2135"}],"version-history":[{"count":4,"href":"https:\/\/bolsasdelperu.com\/inicio\/wp-json\/wp\/v2\/pages\/2135\/revisions"}],"predecessor-version":[{"id":2153,"href":"https:\/\/bolsasdelperu.com\/inicio\/wp-json\/wp\/v2\/pages\/2135\/revisions\/2153"}],"wp:attachment":[{"href":"https:\/\/bolsasdelperu.com\/inicio\/wp-json\/wp\/v2\/media?parent=2135"}],"curies":[{"name":"wp","href":"https:\/\/api.w.org\/{rel}","templated":true}]}}